{"id":120,"date":"2020-08-20T10:02:57","date_gmt":"2020-08-20T10:02:57","guid":{"rendered":"http:\/\/saloceramica.com\/index.php\/contact-us\/"},"modified":"2021-10-01T17:19:18","modified_gmt":"2021-10-01T17:19:18","slug":"contacto","status":"publish","type":"page","link":"https:\/\/saloceramica.com\/index.php\/contacto\/","title":{"rendered":"Contacto"},"content":{"rendered":"\n<div style=\"height:80px\" aria-hidden=\"true\" class=\"wp-block-spacer\"><\/div>\n\n\n\n<div class=\"wp-block-cover alignfull has-white-background-color\" style=\"min-height:300px\"><img decoding=\"async\" loading=\"lazy\" width=\"4000\" height=\"2250\" class=\"wp-block-cover__image-background wp-image-444\" alt=\"\" src=\"https:\/\/saloceramica.com\/wp-content\/uploads\/2021\/05\/cuencos-mas-transparentes.png\" data-object-fit=\"cover\" srcset=\"https:\/\/saloceramica.com\/wp-content\/uploads\/2021\/05\/cuencos-mas-transparentes.png 4000w, https:\/\/saloceramica.com\/wp-content\/uploads\/2021\/05\/cuencos-mas-transparentes-300x169.png 300w\" sizes=\"(max-width: 4000px) 100vw, 4000px\" \/><div class=\"wp-block-cover__inner-container\">\n<h1 class=\"has-text-color\" style=\"color:#e49970;font-size:50px\">Contacto<\/h1>\n\n\n\n<p><\/p>\n<\/div><\/div>\n\n\n\n<div class=\"is-layout-flow wp-block-group alignfull has-white-background-color has-background\"><div class=\"wp-block-group__inner-container\">\n<div class=\"is-layout-flex wp-container-5 wp-block-columns\">\n<div class=\"is-layout-flow wp-block-column\" style=\"flex-basis:50%\">\n<h3>Env\u00edanos un mensaje<\/h3>\n\n\n\n<div class=\"is-layout-flow wp-block-group has-background\" style=\"background-color:#f5f7fa\"><div class=\"wp-block-group__inner-container\"><div class=\"wpforms-container \" id=\"wpforms-9\"><form id=\"wpforms-form-9\" class=\"wpforms-validate wpforms-form\" data-formid=\"9\" method=\"post\" enctype=\"multipart\/form-data\" action=\"\/index.php\/wp-json\/wp\/v2\/pages\/120\" data-token=\"11a76b23e5c6afbf99f468529135c96c\"><noscript class=\"wpforms-error-noscript\">Please enable JavaScript in your browser to complete this form.<\/noscript><div class=\"wpforms-field-container\"><div id=\"wpforms-9-field_0-container\" class=\"wpforms-field wpforms-field-name\" data-field-id=\"0\"><label class=\"wpforms-field-label wpforms-label-hide\" for=\"wpforms-9-field_0\">Your Name  <span class=\"wpforms-required-label\">*<\/span><\/label><input type=\"text\" id=\"wpforms-9-field_0\" class=\"wpforms-field-large wpforms-field-required\" name=\"wpforms[fields][0]\" placeholder=\"Nombre\" required><\/div><div id=\"wpforms-9-field_1-container\" class=\"wpforms-field wpforms-field-email\" data-field-id=\"1\"><label class=\"wpforms-field-label wpforms-label-hide\" for=\"wpforms-9-field_1\">Email <span class=\"wpforms-required-label\">*<\/span><\/label><input type=\"email\" id=\"wpforms-9-field_1\" class=\"wpforms-field-large wpforms-field-required\" name=\"wpforms[fields][1]\" placeholder=\"E-mail\" required><\/div><div id=\"wpforms-9-field_4-container\" class=\"wpforms-field wpforms-field-text\" data-field-id=\"4\"><label class=\"wpforms-field-label wpforms-label-hide\" for=\"wpforms-9-field_4\">Subject <span class=\"wpforms-required-label\">*<\/span><\/label><input type=\"text\" id=\"wpforms-9-field_4\" class=\"wpforms-field-large wpforms-field-required\" name=\"wpforms[fields][4]\" placeholder=\"Asunto\" required><\/div><div id=\"wpforms-9-field_2-container\" class=\"wpforms-field wpforms-field-textarea\" data-field-id=\"2\"><label class=\"wpforms-field-label wpforms-label-hide\" for=\"wpforms-9-field_2\">Your Message <span class=\"wpforms-required-label\">*<\/span><\/label><textarea id=\"wpforms-9-field_2\" class=\"wpforms-field-medium wpforms-field-required\" name=\"wpforms[fields][2]\" placeholder=\"Mensaje\" required><\/textarea><\/div><\/div><div class=\"wpforms-field wpforms-field-hp\"><label for=\"wpforms-9-field-hp\" class=\"wpforms-field-label\">Comment<\/label><input type=\"text\" name=\"wpforms[hp]\" id=\"wpforms-9-field-hp\" class=\"wpforms-field-medium\"><\/div><div class=\"wpforms-submit-container\"><input type=\"hidden\" name=\"wpforms[id]\" value=\"9\"><input type=\"hidden\" name=\"wpforms[author]\" value=\"1\"><button type=\"submit\" name=\"wpforms[submit]\" id=\"wpforms-submit-9\" class=\"wpforms-submit\" data-alt-text=\"Enviando...\" data-submit-text=\"Enviar Mensaje\" aria-live=\"assertive\" value=\"wpforms-submit\">Enviar Mensaje<\/button><\/div><\/form><\/div>  <!-- .wpforms-container --><\/div><\/div>\n<\/div>\n\n\n\n<div class=\"is-layout-flow wp-block-column\" style=\"flex-basis:30%\">\n<h3>B\u00fasquenos<\/h3>\n\n\n\n<iframe src=\"https:\/\/www.google.com\/maps\/embed?pb=!1m18!1m12!1m3!1d1943.446624503319!2d-59.032978927970426!3d-34.086653240744894!2m3!1f0!2f0!3f0!3m2!1i1024!2i768!4f13.1!3m3!1m2!1s0x95bb0b739fb6b405%3A0xcc17dfef095fc7a2!2sCalle%20Espa%C3%B1a%20802%2C%20B2800IED%20Z%C3%A1rate%2C%20Provincia%20de%20Buenos%20Aires!5e0!3m2!1ses!2sar!4v1621344370320!5m2!1ses!2sar\" width=\"400\" height=\"456\" style=\"border:0;\" allowfullscreen=\"\" loading=\"lazy\"><\/iframe>\n\n\n\n<p><\/p>\n<\/div>\n\n\n\n<div class=\"is-layout-flow wp-block-column\" style=\"flex-basis:20%\">\n<h3>Detalles de contacto<\/h3>\n\n\n\n<h4>Direcci\u00f3n<\/h4>\n\n\n\n<p>Espa\u00f1a 802, Prov. de Buenos Aires<\/p>\n\n\n\n<p>Ciudad de Z\u00e1rate, CP 2800<\/p>\n\n\n\n<h4>E-mail<\/h4>\n\n\n\n<p>saloceramica@gmail.com<\/p>\n\n\n\n<h4>Tel\u00e9fono<\/h4>\n\n\n\n<p>+540348715515876<\/p>\n\n\n\n<h4>Cuit<\/h4>\n\n\n\n<p>27-25434461-9<\/p>\n<\/div>\n<\/div>\n<\/div><\/div>\n","protected":false},"excerpt":{"rendered":"<p>Env\u00edanos un mensaje B\u00fasquenos Detalles de contacto Direcci\u00f3n Espa\u00f1a 802, Prov. de Buenos Aires Ciudad de Z\u00e1rate, CP 2800 E-mail saloceramica@gmail.com Tel\u00e9fono +540348715515876 Cuit 27-25434461-9<\/p>\n","protected":false},"author":1,"featured_media":0,"parent":0,"menu_order":0,"comment_status":"closed","ping_status":"closed","template":"","meta":{"om_disable_all_campaigns":false,"_mi_skip_tracking":false},"aioseo_notices":[],"_links":{"self":[{"href":"https:\/\/saloceramica.com\/index.php\/wp-json\/wp\/v2\/pages\/120"}],"collection":[{"href":"https:\/\/saloceramica.com\/index.php\/wp-json\/wp\/v2\/pages"}],"about":[{"href":"https:\/\/saloceramica.com\/index.php\/wp-json\/wp\/v2\/types\/page"}],"author":[{"embeddable":true,"href":"https:\/\/saloceramica.com\/index.php\/wp-json\/wp\/v2\/users\/1"}],"replies":[{"embeddable":true,"href":"https:\/\/saloceramica.com\/index.php\/wp-json\/wp\/v2\/comments?post=120"}],"version-history":[{"count":18,"href":"https:\/\/saloceramica.com\/index.php\/wp-json\/wp\/v2\/pages\/120\/revisions"}],"predecessor-version":[{"id":1110,"href":"https:\/\/saloceramica.com\/index.php\/wp-json\/wp\/v2\/pages\/120\/revisions\/1110"}],"wp:attachment":[{"href":"https:\/\/saloceramica.com\/index.php\/wp-json\/wp\/v2\/media?parent=120"}],"curies":[{"name":"wp","href":"https:\/\/api.w.org\/{rel}","templated":true}]}}